v(f) = -19*f**2 - 20*f + 5. Let l(w) = -8*b(w) - 3*v(w). What is l(z)?
-2
Suppose -5*u - 4*m + 50 = 0, -2*m - 14 = 2*u - 6*u. Let x(o) = 4*o**2 - u + 5 + 0*o**2 - 3*o**2 - 7*o. What is x(7)?
-1
Let t(u) = -u**2 - 4*u - 3. Let x = 17 - 19. Give t(x).
1
Let w(q) = 292 - 6*q - 292. Calculate w(-1).
6
Let p(l) = l**3 - 2*l**2 - 2*l + 2. Let n be 1 + (0 - 1) + (-12)/(-4). Determine p(n).
5
Let p be 5*1*9/18. Let l(f) be the second derivative of 1/12*f**4 + 0 + f**3 + p*f**2 - f. Calculate l(-5).
0
Let z be 4/(0 + 3 + -2). Suppose 0 = g + 2*b + z, 7*g - 4*b = 2*g + 36. Let w(u) = 2*u + 1. Determine w(g).
9
Let m(b) be the first derivative of b**3/3 + 3*b**2 + 6*b - 4. Give m(-6).
6
Let x(s) = -s**3 - s**2 - s. Let f(o) = -o**2 + 2. Let m(h) = h**3 - 6*h**2 + 4*h + 5. Let u be m(5). Let v = 2 + u. Let d be f(v). Determine x(d).
6
Let v(a) = -a**3 + 7*a**2 - 6*a - 4. Let p be (2 - 1)*(2 - 2). Suppose 2*l + 4 = p, 3*x - 5*l = -x + 34. Give v(x).
-4
Suppose 2*o + 5 = -q, -12 = -o + 5*q + 2. Let b(s) = -5*s**3 + s**2 + 2*s + 1. Calculate b(o).
5
Let p(w) = w**3 - 5*w**2 - 7*w + 7. Let r = -11 + 17. Let q be p(r). Let v(m) be the first derivative of -m**2 - m + 3. Determine v(q).
-3
Let j(n) be the second derivative of 0*n**4 + 2*n + 1/2*n**2 - 1/6*n**3 + 0 - 9/20*n**5. What is j(1)?
-9
Let f(d) = 5*d - 7. Let a(p) = 2*p - 1. Let l(o) = a(o) - f(o). What is l(6)?
-12
Let c(t) be the second derivative of t**3/3 - t**2 + 5*t. Give c(5).
8
Let i(w) = 8*w**3 - w**2 - 2*w - 1. Let f be -5*(-2 + 14/5). Let q be f - (3 + -2 - 4). Calculate i(q).
-8
Let n(w) = -w**3 + 6*w**2 - w + 11. Let v be n(6). Let i(b) = -3*b - 3. Calculate i(v).
-18
Let h(g) = 1 + 0*g + 8*g - 6*g. Give h(4).
9
Let o be 39/26 + 7/(-2). Let u(v) = 6*v**2 + 3*v. Let d(w) be the second derivative of 17*w**4/12 + 3*w**3/2 + 2*w. Let h(n) = 4*d(n) - 11*u(n). Give h(o).
2
Let h(r) = -r - 7. Suppose 3*q - 8 = 4. Let f = q - 3. Suppose 0 = 2*g + f + 5. What is h(g)?
-4
Let l(g) = -g**3 - 4*g**2 - 2*g + 2. Suppose 0 = 2*v - y + 8, -2*v - 22 = 2*v - 5*y. Determine l(v).
-1
Let v(p) be the first derivative of -p**4/4 + 4*p**3/3 - p**2 + 440. Let w be 10/4 - (-1)/(-2). What is v(w)?
4
Suppose 2*n = -3*t + 14, -t = 3*n + n + 2. Let h(c) = 5 - t*c + 4*c + 3*c. What is h(-3)?
2
Let k(r) = -r**2 - 4*r + 1. Suppose -6*a + 5 = -5*a. Suppose t - s = 2*s + 1, -a*t - 3*s = 31. Calculate k(t).
-4
Suppose f = 3*r - 1 + 5, 0 = 3*r - 2*f + 5. Let h be ((-8)/(-10))/(1/5). Let o(j) = -h - 5*j + 5 + 0*j. Determine o(r).
6
Let z(i) be the second derivative of i**4/8 - 5*i**3/6 - i**2 + 2*i. Let p(b) be the first derivative of z(b). Let u = 5 - 1. Calculate p(u).
7
Let k(m) be the third derivative of 0*m + 2*m**2 - 1/24*m**4 + 0 - m**3. Calculate k(-5).
-1
Let u = 50 - 24. Let x = 40 - u. Let s be x/4 - (-3)/6. Let z(k) = k. Calculate z(s).
4
Let m(j) = -10*j**2 + 11*j + 2. Let u(c) = -7*c**2 + 7*c + 1. Let d(r) = 5*m(r) - 7*u(r). Determine d(6).
3
Let i(w) be the first derivative of -w**4/12 + 2*w**3/3 - w**2/2 + 2*w - 2. Let x(h) be the first derivative of i(h). Calculate x(2).
3
Let s(c) = c**3 - 6*c**2 + 6*c - 3. Let j be 1/(((-2)/18)/1). Let l = -4 - j. Determine s(l).
2
Let h(i) = 6*i**3 - i + 1. Let t be (1/1)/(-1 + 2). Calculate h(t).
6
Let i(h) = h**2 - 2*h - 7. Suppose -6*g + 5 = -5*g. Determine i(g).
8
Let c(d) = -d - 4. Suppose f - 3 = b + 3, f + 3 = -2*b. Give c(f).
-7
Let d be 4 - (-4 - -4) - 27. Let f = 20 + d. Let v(y) be the first derivative of y**4/4 + 2*y**3/3 - y**2 - 3*y + 2. Calculate v(f).
-6
Let v(u) be the second derivative of u**5/20 + 5*u**4/12 + u**3/2 - 25*u. What is v(-3)?
9
Let a(t) be the first derivative of -t**7/840 + t**6/180 + t**5/120 + t**4/24 + t**3 + 1. Let m(o) be the third derivative of a(o). Determine m(2).
3
Let w be (-1300)/(-338) - (0 + (-4)/26). Let v(s) = 3*s - 2. Calculate v(w).
10
Let c(l) = 2*l**3 - 13*l**2 + 11*l + 13. Let u(z) = -z**3 + 7*z**2 - 6*z - 7. Let a(i) = -3*c(i) - 5*u(i). Determine a(3).
-4
Let j(z) = -z**3 - 2*z**2 - z. Suppose 0 = k + w + 4*w - 24, 4*w = 20. Let q = -3 - k. Calculate j(q).
2
Let n(q) = -2*q**2 - 2*q + 1. Let v = -86 + 84. Give n(v).
-3
Suppose -3*a + 12 = a. Let c(g) = -2 - g**3 + 2*g**2 + a - 3*g**2 - 6. Give c(0).
-5
Let p(c) = -2*c**2 - 4*c**2 + 4*c - 2 + 3*c**2. Determine p(2).
-6
Let v be 2 - 0 - 0/2. Let k(j) = 3*j**v - 4 + 3*j**2 - j**2 - j**3 + 0*j**2. Calculate k(5).
-4
Suppose 4*i + 64 = -0*i. Let o = i - -11. Let s(x) = x - 3*x**2 + 4*x**2 + 2*x - 6. Determine s(o).
4
Let j(u) = 2*u - 82*u**2 + 81*u**2 - u + 4. Give j(0).
4
Let n be 0 + -1 - (-1)/1. Let y(d) = d + 1 + 3 - 3 + n*d. What is y(0)?
1
Suppose 5*g = -5*d - 15, 3*d = -3*g + 5*d - 9. Let s(y) be the first derivative of y**3/3 + 5*y**2/2 + 3*y + 1. Determine s(g).
-3
Let j(c) = c**2 - c + 1. Let h(v) = 3*v**2 - 3*v + 3. Suppose 3*x = -2*y - x + 22, 0 = -y + 5*x - 10. Let o(s) = y*j(s) - 2*h(s). Give o(3).
-7
Let c(l) be the second derivative of 2*l + 1/3*l**3 - 1/2*l**2 + 0. Suppose o - 6 = -4. What is c(o)?
3
Let w = 2 - 6. Let s be 32/18 + w/(-18). Let p(i) = 3 - 8 + i**2 + 0*i**2 + s*i. Give p(-4).
3
Let s(d) = -8*d**2 + 2*d + 2. Let b(y) = -y**2 + y + 1. Let r(k) = 6*b(k) - s(k). Give r(-4).
20
Let z(g) be the second derivative of g**4/6 + g**3/2 + g**2/2 - g. Let c = -7 + 5. Calculate z(c).
3
Let a be 2/(-6) - 7/(-3). Let r(p) be the first derivative of p**3/3 + 2*p**2 - 3*p + 15. What is r(a)?
9
Let f = -8 + 11. Suppose 5*d + 5*y = 35, 2*y = -f*d + 4*y + 16. Let j(i) = -i**2 + 6*i - 7. Give j(d).
-7
Let m(i) = 9*i**2 - 2*i + 1. Let r be (-7)/(-5) - (-18)/(-45). What is m(r)?
8
Let n(h) = -3*h**2 + 2*h - 3. Let q be (7 - 2) + (-2)/1. Suppose -7*x = -3*x + 2*z + 2, 0 = -q*x + 5*z + 31. Determine n(x).
-11
Let l(i) = -7*i. Let c(d) = -8*d - 1. Let p(f) = 5*c(f) - 6*l(f). Give p(6).
7
Suppose 0 + 4 = r. Let s(y) = 2*y + 2 + 3 - r + y. Let o be 6 + -3*(-3 + 4). What is s(o)?
10
Let n(d) = d**2 + d - 2. Let w(p) = 3*p**2 + 2*p - 5. Let r(t) = 11*n(t) - 4*w(t). Determine r(2).
0
Let q(j) = -j**2 + 6*j - 5. Let z be q(3). Let n(f) = 2*f + 2. Determine n(z).
10
Let p(b) = 2*b**2 + 2. Let j = -1 - 12. Let d = 15 + j. Give p(d).
10
Let o(k) = 2*k - 1. Let w(r) = -r - 1. Let c be w(-2). Let j = c - 6. Give o(j).
-11
Let v(s) = -s**2 + 7*s - 8. Let k be v(6). Let i be 3 + (-1 - (4 + k)). Let m(n) be the third derivative of n**5/60 - n**4/24 - n**3/2 - n**2. Give m(i).
-3
Let r(d) be the second derivative of d**7/2520 + d**6/144 - d**5/120 + 5*d**4/12 - 6*d. Let v(f) be the third derivative of r(f). Determine v(-4).
-5
Let h be ((-7)/(-21))/(1/6). Let o(i) = 3*i**2 + 3*i**h - 7*i**2. Calculate o(2).
-4
Let d(u) = u**2 - 2*u - 7. Let p(k) = -k. Let n(z) = -d(z) + 4*p(z). Give n(-5).
-8
Let k(q) = 36*q - 65*q + 35*q. What is k(-1)?
-6
Let q(u) be the first derivative of u**2/2 - 10*u + 12. Let f(o) = -o**2 + 4*o - 3. Let a be f(3). Calculate q(a).
-10
Let z(g) = g**2 + 2. Let v be z(-2). Let d(w) = w**3 - 5*w**2 - 8*w + 2. Calculate d(v).
-10
Let o(w) = -3*w**2 - 8*w + 9. Let u(i) = i**2 - 10*i + 2. Let c be u(9). Let s(f) = 4*f**2 + 12*f - 13. Let y(r) = c*o(r) - 5*s(r). Give y(3).
-1
Let r(o) = o - 4. Let m(g) be the first derivative of -g - 9. Let y(b) = 4*m(b) - r(b). What is y(4)?
-4
Suppose 4*h - 5*y - 25 = 0, -4*h + 3*y - 17 = -8*h. Let p(u) = u**2 - 6*u + 4. What is p(h)?
-1
Let l(j) = 2*j + 7*j - 12*j. Calculate l(-1).
3
Let j(s) = s - 2. Let t = -5 + 21. Let g = -13 + t. What is j(g)?
1
Suppose 42 = 5*c + 12. Let q = 8 + -7. Let s(u) = -6*u + 3*u**2 + 5 - 2*u**2 - q + 0*u. What is s(c)?
4
Suppose 6 = i - 0*i. Let a(v) = -v**2 + 7*v + 5. Give a(i).
11
Let p(x) be the third derivative of -x**5/60 + x**4/24 + 2*x**3/3 + 6*x**2. Determine p(3).
-2
Let g = 8 + -7. Let o = g + -1. Let f(x) = -x - 7. Calculate f(o).
-7
Let p(s) = -3*s - 7. Suppose 3*x + 9 + 9 = -b, -3*x = 5*b + 30. Calculate p(x).
8
Let b(t) = -t - 2. Let x be b(-1). Let q(z) = -8*z + 5. Let r(w) = 1. Let i(a) = q(a) - 4*r(a). Calculate i(x).
9
Let s(d) = 2*d + 7. Let a be s(-2). Let p(h) = 3*h**2 + h - 4. Let x(m) = 7*m**2 + m - 8. Let c(j) = 9*p(j) - 4*x(j). Calculate c(a).
2
Let q(c) = 2*c**2 - 2*c + 1. Suppose 4*l = -0*l - 8. Let n be 1 + -1 + l + 3. What is q(n)?
1
Let p(q) = q**2 - q. Let b(r) = -8*